 w. What is the greatest common divisor of g and 9?
9
Suppose 0 = -5*b + 2*t + 56, 0 = t + 5 - 7. Calculate the greatest common factor of b and 96.
12
Let s(b) = 70*b - 120. Let u be s(10). Calculate the highest common divisor of u and 20.
20
Let u = 150 + -150. Let q(y) = -y**2 + 2*y + 2. Let d be q(3). Let k be 4 - (-2 - d) - u. Calculate the greatest common divisor of 1 and k.
1
Let a be 18*6/8*6. Let q(y) = -3*y - 59. Let u be q(-17). Let i be (-54)/u*(31 - 27). What is the highest common divisor of i and a?
27
Let n be 1*1/(-2)*2. Let i be 100 - (2/n + 4). What is the greatest common factor of i and 14?
14
Suppose 5*j - 10 + 0 = 0. Suppose 0 = 5*l - p - 66, j*l = -3*p + 52 - 12. Calculate the greatest common factor of 98 and l.
14
Suppose 7 + 8 = a. Suppose -7*f + 10 = -2*f. Let m be 165*((-4)/(-2))/f. Calculate the greatest common factor of a and m.
15
Let l be 4/32*4*4. Let v be l*29*33/6. Let q = 221 + -192. Calculate the highest common factor of q and v.
29
Suppose 4*d + 80 + 20 = 0. Let f = 9 + d. Let r be (-77)/(-4) - (-4)/f. Calculate the greatest common factor of 19 and r.
19
Let v(j) = 6*j**2 - 3*j + 1. Let y be 0/3 - (0 - 2). Let m be v(y). Suppose -m*k + 150 = -14*k. What is the highest common factor of k and 270?
30
Let v(j) = -31 - j + 17 + 26 + 6*j**2 - j**3. Let a be v(6). Calculate the greatest common factor of a and 54.
6
Let q(y) = -10*y - 7. Let s be q(-2). Let z = -10 + s. Suppose 4*h = -5*d + 10 + 82, -z*h + 3*d = -42. What is the highest common factor of 90 and h?
18
Suppose -60 = -4*o + 2*s, 5*s + 14 = -o + 3*o. Suppose -5*f - o = -q, 2*q = -2*q + f + 87. What is the highest common divisor of q and 2?
2
Suppose -13*a - 62 = 68. Let i be 3 - (9/(-6))/((-5)/a). Calculate the greatest common divisor of 1 and i.
1
Let t(f) = 4*f**2 + 20*f + 12. Let o be t(-9). Calculate the greatest common factor of 39 and o.
39
Let s be ((-18)/51)/3 + (-5652)/(-68). Let c = s + -78. What is the highest common factor of c and 5?
5
Suppose 5*k - 3*l - 38 = 220, 0 = 4*k - 4*l - 216. Let t be (-16)/(-6)*(12 + -3). Calculate the highest common factor of k and t.
24
Let j = 1522 + -885. What is the highest common divisor of j and 364?
91
Let w = 268 - 256. Calculate the greatest common divisor of 60 and w.
12
Let g be (-2)/(-3) + (-172)/(-12). Let i = 245 - 80. Calculate the greatest common factor of i and g.
15
Suppose 0 = -f - 3*j + 88, -3*j + 5 = 17. What is the highest common factor of 20 and f?
20
Suppose t - 2*t - 4*d = -99, -290 = -3*t - 5*d. Calculate the highest common divisor of t and 5.
5
Let u = 940 - 898. Calculate the highest common factor of 399 and u.
21
Let a = 10 + -7. Suppose -83*o + 92*o = 243. Calculate the greatest common divisor of o and a.
3
Let x be 6/3*(-29)/2. Let r = x + 49. Calculate the greatest common factor of 4 and r.
4
Let s(n) = n**3 - 3*n + 2. Let y be s(2). Suppose 0 = y*h - 4*i + 12, 3*h + 39 - 10 = -i. Let g = 16 + h. Calculate the greatest common divisor of 64 and g.
8
Suppose 49 = 2*s - 1. Suppose -4*l + 23 = -s. Let k = 3723 - 3699. What is the greatest common factor of l and k?
12
Suppose 6*y - 122 = 76. Calculate the highest common factor of 429 and y.
33
Suppose -4*a + 20 = a. Suppose i = 136 - a. Let w(g) = 13*g**2 + 6*g + 5. Let u be w(-1). Calculate the highest common factor of u and i.
12
Let z be (17 + -6 - 3) + -2. What is the highest common divisor of z and 34?
2
Let v(r) = 2*r**2 - 3*r - 67. Let g be v(-11). What is the highest common factor of 13 and g?
13
Let i = 4160 - 2782. What is the greatest common divisor of 52 and i?
26
Suppose 10*u + 3360 = 6*u. Let n be ((-16)/10)/(24/u). What is the greatest common factor of n and 14?
14
Let w = -588 - -707. Calculate the highest common divisor of w and 68.
17
Let g(a) = 3*a**2 + a + 1. Let t be (3 - (-5)/(-2))*2. Let j be g(t). Calculate the highest common factor of j and 55.
5
Suppose 5*u + 3*l - 40 = -4, -2*l = 4*u - 28. Suppose 28 - 4 = -u*k. Let g be (-4)/(-8)*74 + k. Calculate the greatest common divisor of g and 99.
33
Suppose -g = -2 - 0. Suppose -g*p = t - 301, 3*p - 5*t - 177 = 268. Calculate the highest common factor of p and 25.
25
Suppose -4*r - 5*f = -1563, f - 524 - 651 = -3*r. What is the highest common divisor of r and 8?
8
Let q = 2 - -5. Let n(i) = 9*i**3 + 9*i**2 + i - 1. Let c be n(q). Let a be 1/(-6) - c/(-36). Calculate the greatest common divisor of a and 14.
14
Let l be 13*4*4/16. Suppose -m - 30 - l = 0. Let s be (3 - 5)/2 - m. Calculate the greatest common factor of s and 63.
21
Let w = 36 - 5. Let c(s) = s**3 + 11*s**2 - 3*s + 1. Let l be c(-8). Calculate the highest common factor of l and w.
31
Let z = 0 + 0. Suppose -4*b + z*b = -5*f - 7, 5*b - 25 = 3*f. Let v = -413 + 477. Calculate the greatest common divisor of b and v.
8
Suppose 2*w = 191 + 401. Calculate the highest common divisor of 74 and w.
74
Suppose -38*c = -42*c + 96. Let r be -4 - (3/(-2))/(c/256). Let v(j) = 3*j - 3. Let y be v(3). Calculate the highest common divisor of y and r.
6
Let j(p) = -16*p + 73. Let t be (-3)/((-28)/35 - (-13)/10). Let h be j(t). Calculate the greatest common divisor of 13 and h.
13
Suppose 42 = 5*c - 18. Suppose c*f = 8*f. Let y be (2 + f)*13/2. What is the highest common divisor of 13 and y?
13
Let j = -137 + 194. Suppose -3*c - 35 = 2*c. Let h = 26 + c. Calculate the greatest common divisor of j and h.
19
Let n(t) = 17*t + 56. Let o be n(-2). What is the highest common divisor of 440 and o?
22
Let f be (209/22)/(3/18). Calculate the greatest common factor of 1083 and f.
57
Let f(l) = 80*l**2 + 1. Let w be f(-1). Suppose -4*a + 93 = d, -5*d - 3*a = a - 513. Let n = d - 51. Calculate the highest common divisor of w and n.
27
Let u(p) = -4*p + 1. Let n be u(2). Let k = n + 17. Calculate the greatest common divisor of k and 10.
10
Let n(z) = z**2 - 4*z - 16. Let y(q) = q**3 + 4*q**2 - 12*q + 8. Let w be y(-6). Let b be n(w). Calculate the greatest common divisor of b and 2.
2
Suppose -5*u + n = -202, n = -4*u - n + 156. What is the greatest common divisor of 64 and u?
8
Let a(i) = -i**3 - 22*i**2 + 10*i - 184. Let f be a(-24). What is the greatest common factor of 14 and f?
14
Let p = 45 - -30. Suppose 42 = -3*l + 6*l. Let b = l + 16. Calculate the greatest common divisor of p and b.
15
Let j(n) = -17*n - 65. Let c be j(-5). Calculate the greatest common factor of c and 12.
4
Let j(i) = 8*i - 16. Let g be j(8). Suppose -g = -3*l - l. What is the greatest common factor of 12 and l?
12
Let l(q) = 1111*q**2 + 1. Let i be l(-1). Suppose -i + 56 = -2*g. Suppose -g = -d - d. What is the greatest common divisor of 24 and d?
24
Let f(j) = -676*j**3 - j**2 + 23*j + 23. Let s be f(-1). Calculate the greatest common divisor of s and 81.
27
Suppose 4*v + 4*b = 600, -v + 2*b + 155 + 4 = 0. What is the greatest common factor of v and 51?
51
Let a(l) = 149*l**2 - 8*l + 46. Let i be a(3). Calculate the highest common divisor of i and 29.
29
Let u be (((-300)/16)/5)/((-4)/48). What is the greatest common factor of 18 and u?
9
Let a be 70/2 - -7 - -3. What is the highest common divisor of 3 and a?
3
Let y be ((-4)/8)/(2/(-40)). Calculate the highest common divisor of 190 and y.
10
Let t be 1114/28 - 132/(-616). Let h = 3 - 0. Suppose 6*b - h*b - 15 = 0. What is the highest common divisor of t and b?
5
Let x be (-3 + (-40)/(-75)*36)*5. Calculate the greatest common divisor of x and 27.
27
Let r = 153 + -67. What is the highest common divisor of 3354 and r?
86
Let h be (-2)/(-4) + (-58)/4. Let z = -169 - -195. Let d = h + z. Calculate the highest common divisor of 18 and d.
6
Let y be 2*470 - 65/(-13). Suppose -8*w = -3*w - y. Calculate the highest common factor of w and 27.
27
Let h = -29 - -31. Suppose -f = 3*s + 14, -4*f - h*s - 9 = -3. What is the greatest common divisor of 29 and f?
1
Let v = 179 + -91. Let q = v + -48. Suppose -3*i + q = i. Calculate the greatest common factor of i and 110.
10
Suppose 6*c - 63 + 9 = 0. Calculate the greatest common factor of 207 and c.
9
Let a(v) = 36*v + 13. Let j be a(0). What is the highest common factor of 416 and j?
13
Let y be (0 + 3)/(4/76). Suppose 0*c = 3*c - y. Suppose 3*w = 4*w - c. What is the highest common factor of w and 209?
19
Let r = -7 - -10. Suppose 0 = -4*g - 4*u + 68, -2*u + r*u = 